{"id":38,"date":"2024-12-03T11:44:41","date_gmt":"2024-12-03T10:44:41","guid":{"rendered":"https:\/\/chapelledenaste.fr\/?page_id=38"},"modified":"2024-12-16T10:32:09","modified_gmt":"2024-12-16T09:32:09","slug":"apropos","status":"publish","type":"page","link":"https:\/\/chapelledenaste.fr\/index.php\/apropos\/","title":{"rendered":"\u00c0 propos"},"content":{"rendered":"\n<div class=\"wp-block-group alignfull has-accent-4-background-color has-background has-global-padding is-layout-constrained wp-container-core-group-is-layout-669513ed wp-block-group-is-layout-constrained\" style=\"margin-top:0;margin-bottom:0;padding-top:var(--wp--preset--spacing--50);padding-right:var(--wp--preset--spacing--50);padding-bottom:var(--wp--preset--spacing--50);padding-left:var(--wp--preset--spacing--50)\">\n<div class=\"wp-block-columns alignwide is-layout-flex wp-container-core-columns-is-layout-28f84493 wp-block-columns-is-layout-flex\">\n<div class=\"wp-block-column is-layout-flow wp-block-column-is-layout-flow\" style=\"flex-basis:40%\"><\/div>\n\n\n\n<div class=\"wp-block-column is-layout-flow wp-block-column-is-layout-flow\" style=\"flex-basis:60%\">\n<p class=\"has-heading-font-family has-x-large-font-size\" style=\"line-height:1.2\">La Chapelle de Naste a \u00e9t\u00e9 construite en 1605 par Bidule.<\/p>\n<\/div>\n<\/div>\n\n\n\n<div style=\"height:var(--wp--preset--spacing--40)\" aria-hidden=\"true\" class=\"wp-block-spacer\"><\/div>\n\n\n\n<figure class=\"wp-block-image alignwide size-full is-style-rounded is-style-rounded--1\"><img loading=\"lazy\" decoding=\"async\" width=\"2048\" height=\"1365\" src=\"http:\/\/chapelledenaste.fr\/wp-content\/uploads\/2024\/12\/Image-1yuk.jpg\" alt=\"\" class=\"wp-image-139\" srcset=\"https:\/\/chapelledenaste.fr\/wp-content\/uploads\/2024\/12\/Image-1yuk.jpg 2048w, https:\/\/chapelledenaste.fr\/wp-content\/uploads\/2024\/12\/Image-1yuk-300x200.jpg 300w, https:\/\/chapelledenaste.fr\/wp-content\/uploads\/2024\/12\/Image-1yuk-1024x683.jpg 1024w, https:\/\/chapelledenaste.fr\/wp-content\/uploads\/2024\/12\/Image-1yuk-768x512.jpg 768w, https:\/\/chapelledenaste.fr\/wp-content\/uploads\/2024\/12\/Image-1yuk-1536x1024.jpg 1536w\" sizes=\"auto, (max-width: 2048px) 100vw, 2048px\" \/><figcaption class=\"wp-element-caption\">Vue a\u00e9rienne de la chapelle de Naste<\/figcaption><\/figure>\n<\/div>\n\n\n\n<div class=\"wp-block-group alignfull has-base-background-color has-background has-global-padding is-layout-constrained wp-container-core-group-is-layout-d89aad35 wp-block-group-is-layout-constrained\" style=\"margin-top:0;margin-bottom:0;padding-top:var(--wp--preset--spacing--50);padding-right:var(--wp--preset--spacing--50);padding-bottom:var(--wp--preset--spacing--50);padding-left:var(--wp--preset--spacing--50)\">\n<div class=\"wp-block-columns alignwide is-layout-flex wp-container-core-columns-is-layout-549b0c86 wp-block-columns-is-layout-flex\">\n<div class=\"wp-block-column has-global-padding is-content-justification-left is-layout-constrained wp-container-core-column-is-layout-4f15e8fe wp-block-column-is-layout-constrained\" style=\"flex-basis:40%\">\n<p>La galerie d\u2018art revitalis\u00e9e est appel\u00e9e \u00e0 red\u00e9finir le paysage culturel.<\/p>\n<\/div>\n\n\n\n<div class=\"wp-block-column is-layout-flow wp-container-core-column-is-layout-119bc444 wp-block-column-is-layout-flow\" style=\"flex-basis:60%\">\n<p class=\"has-heading-font-family has-x-large-font-size\" style=\"line-height:1.2\">Avec une attention m\u00e9ticuleuse aux d\u00e9tails et un engagement envers l\u2019excellence, nous cr\u00e9ons des espaces qui inspirent, \u00e9l\u00e8vent et enrichissent la vie de ceux qui les habitent.<\/p>\n\n\n\n<div class=\"wp-block-columns is-layout-flex wp-container-core-columns-is-layout-87beb0d0 wp-block-columns-is-layout-flex\">\n<div class=\"wp-block-column is-layout-flow wp-block-column-is-layout-flow\">\n<p class=\"wp-container-content-9cfa9a5a\">La Galerie d\u2019Art revitalis\u00e9e est sur le point de d\u00e9finir le paysage culturel de Toronto, servant de lien entre l\u2019expression artistique, l\u2019engagement communautaire et la merveille architecturale. Le projet d\u2019agrandissement et de r\u00e9novation rend hommage \u00e0 la riche histoire de la Galerie d\u2019Art tout en s\u2019ouvrant sur l\u2019avenir, garantissant que la galerie reste une source d\u2019inspiration.<\/p>\n<\/div>\n\n\n\n<div class=\"wp-block-column is-layout-flow wp-block-column-is-layout-flow\">\n<p>La Galerie d\u2019Art revitalis\u00e9e est sur le point de d\u00e9finir le paysage culturel de Toronto, servant de lien entre l\u2019expression artistique, l\u2019engagement communautaire et la merveille architecturale. Le projet d\u2019agrandissement et de r\u00e9novation rend hommage \u00e0 la riche histoire de la Galerie d\u2019Art tout en s\u2019ouvrant sur l\u2019avenir, garantissant que la galerie reste une source d\u2019inspiration.<\/p>\n<\/div>\n<\/div>\n<\/div>\n<\/div>\n<\/div>\n\n\n\n<div class=\"wp-block-cover alignfull has-parallax\" style=\"padding-top:var(--wp--preset--spacing--50);padding-right:var(--wp--preset--spacing--50);padding-bottom:var(--wp--preset--spacing--50);padding-left:var(--wp--preset--spacing--50);min-height:100vh;aspect-ratio:unset;\"><span aria-hidden=\"true\" class=\"wp-block-cover__background has-base-background-color has-background-dim-0 has-background-dim\"><\/span><div class=\"wp-block-cover__image-background wp-image-100 has-parallax\" style=\"background-position:50% 50%;background-image:url(http:\/\/chapelledenaste.fr\/wp-content\/uploads\/2024\/12\/IMG_0300.jpg)\"><\/div><div class=\"wp-block-cover__inner-container has-global-padding is-layout-constrained wp-container-core-cover-is-layout-e4fd886c wp-block-cover-is-layout-constrained\">\n<div style=\"height:500px\" aria-hidden=\"true\" class=\"wp-block-spacer\"><\/div>\n<\/div><\/div>\n\n\n\n<div class=\"wp-block-group alignfull has-base-2-background-color has-background has-global-padding is-layout-constrained wp-container-core-group-is-layout-7cd14b77 wp-block-group-is-layout-constrained\" style=\"margin-top:0;margin-bottom:0;padding-top:var(--wp--preset--spacing--60);padding-right:var(--wp--preset--spacing--60);padding-bottom:var(--wp--preset--spacing--60);padding-left:var(--wp--preset--spacing--60)\">\n<div class=\"wp-block-group alignwide is-layout-flow wp-block-group-is-layout-flow\">\n<div style=\"height:var(--wp--preset--spacing--50)\" aria-hidden=\"true\" class=\"wp-block-spacer\"><\/div>\n\n\n\n<p class=\"has-text-align-center has-heading-font-family has-x-large-font-size\" style=\"font-style:normal;font-weight:400;line-height:1.2\"><em>\u00c9tudes<\/em> ne se limite pas au pass\u00e9 &#8211; nous sommes passionn\u00e9s par les conceptions d\u2019avant-garde qui fa\u00e7onnent le monde d\u2019aujourd\u2019hui.<\/p>\n\n\n\n<div style=\"height:var(--wp--preset--spacing--50)\" aria-hidden=\"true\" class=\"wp-block-spacer\"><\/div>\n<\/div>\n<\/div>\n\n\n\n<div class=\"wp-block-group alignfull has-base-2-color has-contrast-background-color has-text-color has-background has-link-color wp-elements-d2e1c7442cd74b258ba2dabd9363de63 has-global-padding is-layout-constrained wp-container-core-group-is-layout-facafb6f wp-block-group-is-layout-constrained\" style=\"margin-top:0;margin-bottom:0;padding-top:var(--wp--preset--spacing--50);padding-right:var(--wp--preset--spacing--50);padding-bottom:var(--wp--preset--spacing--50);padding-left:var(--wp--preset--spacing--50)\">\n<div class=\"wp-block-columns alignwide is-layout-flex wp-container-core-columns-is-layout-d1c656ed wp-block-columns-is-layout-flex\">\n<div class=\"wp-block-column is-vertically-aligned-stretch is-layout-flow wp-block-column-is-layout-flow\" style=\"padding-right:0;flex-basis:60%\">\n<div class=\"wp-block-group is-vertical is-content-justification-stretch is-layout-flex wp-container-core-group-is-layout-ae24f51d wp-block-group-is-layout-flex\" style=\"min-height:100%\">\n<figure class=\"wp-block-image size-large is-style-rounded is-style-rounded--2\"><img loading=\"lazy\" decoding=\"async\" width=\"683\" height=\"1024\" src=\"http:\/\/chapelledenaste.fr\/wp-content\/uploads\/2024\/12\/Image-12-683x1024.jpg\" alt=\"\" class=\"wp-image-140\" style=\"aspect-ratio:9\/16;object-fit:cover\" srcset=\"https:\/\/chapelledenaste.fr\/wp-content\/uploads\/2024\/12\/Image-12-683x1024.jpg 683w, https:\/\/chapelledenaste.fr\/wp-content\/uploads\/2024\/12\/Image-12-200x300.jpg 200w, https:\/\/chapelledenaste.fr\/wp-content\/uploads\/2024\/12\/Image-12-768x1152.jpg 768w, https:\/\/chapelledenaste.fr\/wp-content\/uploads\/2024\/12\/Image-12-1024x1536.jpg 1024w, https:\/\/chapelledenaste.fr\/wp-content\/uploads\/2024\/12\/Image-12.jpg 1365w\" sizes=\"auto, (max-width: 683px) 100vw, 683px\" \/><\/figure>\n\n\n\n<p class=\"has-medium-font-size\">1. \u00c0 travers \u00c9tudes, nous aspirons \u00e0 red\u00e9finir les limites architecturales et \u00e0 inaugurer une nouvelle \u00e8re d\u2019excellence en mati\u00e8re de design qui laissera une empreinte ind\u00e9l\u00e9bile sur le milieu de la construction.<\/p>\n<\/div>\n<\/div>\n\n\n\n<div class=\"wp-block-column is-layout-flow wp-block-column-is-layout-flow\" style=\"flex-basis:40%\">\n<div class=\"wp-block-group has-global-padding is-layout-constrained wp-block-group-is-layout-constrained\">\n<p class=\"has-large-font-size\" style=\"font-style:normal;font-weight:500;line-height:1.2\">Notre gamme compl\u00e8te de services professionnels s\u2019adresse \u00e0 une client\u00e8le diversifi\u00e9e, allant des propri\u00e9taires aux d\u00e9veloppeurs commerciaux. Avec un engagement envers l\u2019innovation et la durabilit\u00e9, \u00c9tudes est le pont qui transforme les r\u00eaves architecturaux en r\u00e9alisations remarquables.<\/p>\n\n\n\n<div style=\"height:var(--wp--preset--spacing--40)\" aria-hidden=\"true\" class=\"wp-block-spacer\"><\/div>\n\n\n\n<div class=\"wp-block-group is-layout-flow wp-block-group-is-layout-flow\">\n<p class=\"has-medium-font-size\">2. Des \u00e9tudes de cas qui c\u00e9l\u00e8brent l\u2019art peuvent alimenter la curiosit\u00e9 et susciter l\u2019inspiration.<\/p>\n\n\n\n<figure class=\"wp-block-image size-large is-style-rounded is-style-rounded--3\"><img decoding=\"async\" src=\"https:\/\/chapelledenaste.fr\/wp-content\/themes\/twentytwentyfour\/assets\/images\/art-gallery.webp\" alt=\"Galerie d\u2019Art de l\u2019Ontario, Toronto, Canada\" style=\"aspect-ratio:9\/16;object-fit:cover\"\/><\/figure>\n<\/div>\n<\/div>\n<\/div>\n<\/div>\n<\/div>\n","protected":false},"excerpt":{"rendered":"<p>La Chapelle de Naste a \u00e9t\u00e9 construite en 1605 par Bidule. La galerie d\u2018art revitalis\u00e9e est appel\u00e9e \u00e0 red\u00e9finir le paysage culturel. Avec une attention m\u00e9ticuleuse aux d\u00e9tails et un [&hellip;]<\/p>\n","protected":false},"author":1,"featured_media":0,"parent":0,"menu_order":0,"comment_status":"closed","ping_status":"closed","template":"","meta":{"_EventAllDay":false,"_EventTimezone":"","_EventStartDate":"","_EventEndDate":"","_EventStartDateUTC":"","_EventEndDateUTC":"","_EventShowMap":false,"_EventShowMapLink":false,"_EventURL":"","_EventCost":"","_EventCostDescription":"","_EventCurrencySymbol":"","_EventCurrencyCode":"","_EventCurrencyPosition":"","_EventDateTimeSeparator":"","_EventTimeRangeSeparator":"","_EventOrganizerID":[],"_EventVenueID":[],"_OrganizerEmail":"","_OrganizerPhone":"","_OrganizerWebsite":"","_VenueAddress":"","_VenueCity":"","_VenueCountry":"","_VenueProvince":"","_VenueState":"","_VenueZip":"","_VenuePhone":"","_VenueURL":"","_VenueStateProvince":"","_VenueLat":"","_VenueLng":"","_VenueShowMap":false,"_VenueShowMapLink":false,"footnotes":""},"class_list":["post-38","page","type-page","status-publish","hentry"],"_links":{"self":[{"href":"https:\/\/chapelledenaste.fr\/index.php\/wp-json\/wp\/v2\/pages\/38","targetHints":{"allow":["GET"]}}],"collection":[{"href":"https:\/\/chapelledenaste.fr\/index.php\/wp-json\/wp\/v2\/pages"}],"about":[{"href":"https:\/\/chapelledenaste.fr\/index.php\/wp-json\/wp\/v2\/types\/page"}],"author":[{"embeddable":true,"href":"https:\/\/chapelledenaste.fr\/index.php\/wp-json\/wp\/v2\/users\/1"}],"replies":[{"embeddable":true,"href":"https:\/\/chapelledenaste.fr\/index.php\/wp-json\/wp\/v2\/comments?post=38"}],"version-history":[{"count":5,"href":"https:\/\/chapelledenaste.fr\/index.php\/wp-json\/wp\/v2\/pages\/38\/revisions"}],"predecessor-version":[{"id":144,"href":"https:\/\/chapelledenaste.fr\/index.php\/wp-json\/wp\/v2\/pages\/38\/revisions\/144"}],"wp:attachment":[{"href":"https:\/\/chapelledenaste.fr\/index.php\/wp-json\/wp\/v2\/media?parent=38"}],"curies":[{"name":"wp","href":"https:\/\/api.w.org\/{rel}","templated":true}]}}

À propos

<div class="wp-block-group alignfull has-accent-4-background-color has-background has-global-padding is-layout-constrained wp-container-core-group-is-layout-669513ed wp-block-group-is-layout-constrained" style="margin-top:0;margin-bottom:0;padding-top:var(--wp--preset--spacing--50);padding-right:var(--wp--preset--spacing--50);padding-bottom:var(--wp--preset--spacing--50);padding-left:var(--wp--preset--spacing--50)">
<div class="wp-block-columns alignwide is-layout-flex wp-container-core-columns-is-layout-28f84493 wp-block-columns-is-layout-flex">
<div class="wp-block-column is-layout-flow wp-block-column-is-layout-flow" style="flex-basis:40%"></div>



<div class="wp-block-column is-layout-flow wp-block-column-is-layout-flow" style="flex-basis:60%">
<p class="has-heading-font-family has-x-large-font-size" style="line-height:1.2">La Chapelle de Naste a été construite en 1605 par Bidule.</p>
</div>
</div>



<div style="height:var(--wp--preset--spacing--40)" aria-hidden="true" class="wp-block-spacer"></div>



<figure class="wp-block-image alignwide size-full is-style-rounded is-style-rounded--1"><img loading="lazy" decoding="async" width="2048" height="1365" src="http://chapelledenaste.fr/wp-content/uploads/2024/12/Image-1yuk.jpg" alt="" class="wp-image-139" srcset="https://chapelledenaste.fr/wp-content/uploads/2024/12/Image-1yuk.jpg 2048w, https://chapelledenaste.fr/wp-content/uploads/2024/12/Image-1yuk-300x200.jpg 300w, https://chapelledenaste.fr/wp-content/uploads/2024/12/Image-1yuk-1024x683.jpg 1024w, https://chapelledenaste.fr/wp-content/uploads/2024/12/Image-1yuk-768x512.jpg 768w, https://chapelledenaste.fr/wp-content/uploads/2024/12/Image-1yuk-1536x1024.jpg 1536w" sizes="auto, (max-width: 2048px) 100vw, 2048px" /><figcaption class="wp-element-caption">Vue aérienne de la chapelle de Naste</figcaption></figure>
</div>



<div class="wp-block-group alignfull has-base-background-color has-background has-global-padding is-layout-constrained wp-container-core-group-is-layout-d89aad35 wp-block-group-is-layout-constrained" style="margin-top:0;margin-bottom:0;padding-top:var(--wp--preset--spacing--50);padding-right:var(--wp--preset--spacing--50);padding-bottom:var(--wp--preset--spacing--50);padding-left:var(--wp--preset--spacing--50)">
<div class="wp-block-columns alignwide is-layout-flex wp-container-core-columns-is-layout-549b0c86 wp-block-columns-is-layout-flex">
<div class="wp-block-column has-global-padding is-content-justification-left is-layout-constrained wp-container-core-column-is-layout-4f15e8fe wp-block-column-is-layout-constrained" style="flex-basis:40%">
<p>La galerie d‘art revitalisée est appelée à redéfinir le paysage culturel.</p>
</div>



<div class="wp-block-column is-layout-flow wp-container-core-column-is-layout-119bc444 wp-block-column-is-layout-flow" style="flex-basis:60%">
<p class="has-heading-font-family has-x-large-font-size" style="line-height:1.2">Avec une attention méticuleuse aux détails et un engagement envers l’excellence, nous créons des espaces qui inspirent, élèvent et enrichissent la vie de ceux qui les habitent.</p>



<div class="wp-block-columns is-layout-flex wp-container-core-columns-is-layout-87beb0d0 wp-block-columns-is-layout-flex">
<div class="wp-block-column is-layout-flow wp-block-column-is-layout-flow">
<p class="wp-container-content-9cfa9a5a">La Galerie d’Art revitalisée est sur le point de définir le paysage culturel de Toronto, servant de lien entre l’expression artistique, l’engagement communautaire et la merveille architecturale. Le projet d’agrandissement et de rénovation rend hommage à la riche histoire de la Galerie d’Art tout en s’ouvrant sur l’avenir, garantissant que la galerie reste une source d’inspiration.</p>
</div>



<div class="wp-block-column is-layout-flow wp-block-column-is-layout-flow">
<p>La Galerie d’Art revitalisée est sur le point de définir le paysage culturel de Toronto, servant de lien entre l’expression artistique, l’engagement communautaire et la merveille architecturale. Le projet d’agrandissement et de rénovation rend hommage à la riche histoire de la Galerie d’Art tout en s’ouvrant sur l’avenir, garantissant que la galerie reste une source d’inspiration.</p>
</div>
</div>
</div>
</div>
</div>



<div class="wp-block-cover alignfull has-parallax" style="padding-top:var(--wp--preset--spacing--50);padding-right:var(--wp--preset--spacing--50);padding-bottom:var(--wp--preset--spacing--50);padding-left:var(--wp--preset--spacing--50);min-height:100vh;aspect-ratio:unset;"><span aria-hidden="true" class="wp-block-cover__background has-base-background-color has-background-dim-0 has-background-dim"></span><div class="wp-block-cover__image-background wp-image-100 has-parallax" style="background-position:50% 50%;background-image:url(http://chapelledenaste.fr/wp-content/uploads/2024/12/IMG_0300.jpg)"></div><div class="wp-block-cover__inner-container has-global-padding is-layout-constrained wp-container-core-cover-is-layout-e4fd886c wp-block-cover-is-layout-constrained">
<div style="height:500px" aria-hidden="true" class="wp-block-spacer"></div>
</div></div>



<div class="wp-block-group alignfull has-base-2-background-color has-background has-global-padding is-layout-constrained wp-container-core-group-is-layout-7cd14b77 wp-block-group-is-layout-constrained" style="margin-top:0;margin-bottom:0;padding-top:var(--wp--preset--spacing--60);padding-right:var(--wp--preset--spacing--60);padding-bottom:var(--wp--preset--spacing--60);padding-left:var(--wp--preset--spacing--60)">
<div class="wp-block-group alignwide is-layout-flow wp-block-group-is-layout-flow">
<div style="height:var(--wp--preset--spacing--50)" aria-hidden="true" class="wp-block-spacer"></div>



<p class="has-text-align-center has-heading-font-family has-x-large-font-size" style="font-style:normal;font-weight:400;line-height:1.2"><em>Études</em> ne se limite pas au passé &#8211; nous sommes passionnés par les conceptions d’avant-garde qui façonnent le monde d’aujourd’hui.</p>



<div style="height:var(--wp--preset--spacing--50)" aria-hidden="true" class="wp-block-spacer"></div>
</div>
</div>



<div class="wp-block-group alignfull has-base-2-color has-contrast-background-color has-text-color has-background has-link-color wp-elements-d2e1c7442cd74b258ba2dabd9363de63 has-global-padding is-layout-constrained wp-container-core-group-is-layout-facafb6f wp-block-group-is-layout-constrained" style="margin-top:0;margin-bottom:0;padding-top:var(--wp--preset--spacing--50);padding-right:var(--wp--preset--spacing--50);padding-bottom:var(--wp--preset--spacing--50);padding-left:var(--wp--preset--spacing--50)">
<div class="wp-block-columns alignwide is-layout-flex wp-container-core-columns-is-layout-d1c656ed wp-block-columns-is-layout-flex">
<div class="wp-block-column is-vertically-aligned-stretch is-layout-flow wp-block-column-is-layout-flow" style="padding-right:0;flex-basis:60%">
<div class="wp-block-group is-vertical is-content-justification-stretch is-layout-flex wp-container-core-group-is-layout-ae24f51d wp-block-group-is-layout-flex" style="min-height:100%">
<figure class="wp-block-image size-large is-style-rounded is-style-rounded--2"><img loading="lazy" decoding="async" width="683" height="1024" src="http://chapelledenaste.fr/wp-content/uploads/2024/12/Image-12-683x1024.jpg" alt="" class="wp-image-140" style="aspect-ratio:9/16;object-fit:cover" srcset="https://chapelledenaste.fr/wp-content/uploads/2024/12/Image-12-683x1024.jpg 683w, https://chapelledenaste.fr/wp-content/uploads/2024/12/Image-12-200x300.jpg 200w, https://chapelledenaste.fr/wp-content/uploads/2024/12/Image-12-768x1152.jpg 768w, https://chapelledenaste.fr/wp-content/uploads/2024/12/Image-12-1024x1536.jpg 1024w, https://chapelledenaste.fr/wp-content/uploads/2024/12/Image-12.jpg 1365w" sizes="auto, (max-width: 683px) 100vw, 683px" /></figure>



<p class="has-medium-font-size">1. À travers Études, nous aspirons à redéfinir les limites architecturales et à inaugurer une nouvelle ère d’excellence en matière de design qui laissera une empreinte indélébile sur le milieu de la construction.</p>
</div>
</div>



<div class="wp-block-column is-layout-flow wp-block-column-is-layout-flow" style="flex-basis:40%">
<div class="wp-block-group has-global-padding is-layout-constrained wp-block-group-is-layout-constrained">
<p class="has-large-font-size" style="font-style:normal;font-weight:500;line-height:1.2">Notre gamme complète de services professionnels s’adresse à une clientèle diversifiée, allant des propriétaires aux développeurs commerciaux. Avec un engagement envers l’innovation et la durabilité, Études est le pont qui transforme les rêves architecturaux en réalisations remarquables.</p>



<div style="height:var(--wp--preset--spacing--40)" aria-hidden="true" class="wp-block-spacer"></div>



<div class="wp-block-group is-layout-flow wp-block-group-is-layout-flow">
<p class="has-medium-font-size">2. Des études de cas qui célèbrent l’art peuvent alimenter la curiosité et susciter l’inspiration.</p>



<figure class="wp-block-image size-large is-style-rounded is-style-rounded--3"><img decoding="async" src="https://chapelledenaste.fr/wp-content/themes/twentytwentyfour/assets/images/art-gallery.webp" alt="Galerie d’Art de l’Ontario, Toronto, Canada" style="aspect-ratio:9/16;object-fit:cover"/></figure>
</div>
</div>
</div>
</div>
</div>

<p>La Chapelle de Naste a été construite en 1605 par Bidule. La galerie d‘art revitalisée est appelée à redéfinir le paysage culturel. Avec une attention méticuleuse aux détails et un [&hellip;]</p>
